is 13540e - 9?
135405
In base 2, what is 1010111100110010000111110 - -1101?
1010111100110010001001011
In base 2, what is -1110000010000010101100110 - -11001?
-1110000010000010101001101
In base 15, what is 86 + 22a50?
22ad6
In base 14, what is 42b1c + -11c?
42a00
In base 8, what is -2247 - -15272?
13023
In base 8, what is -2 + 54341663?
54341661
In base 6, what is -1154212 + 10002?
-1144210
In base 4, what is 2011330 + 31030?
2103020
In base 4, what is 212023 - 1001222331?
-1001010302
In base 12, what is -23 + -8262?
-8285
In base 2, what is 101111001101 + -10100111001101?
-1111000000000
In base 11, what is -26 - 7008a6?
-700921
In base 8, what is 1310556 - 174?
1310362
In base 8, what is -615475 + 2050?
-613425
In base 15, what is -d91b - -949?
-cec2
In base 14, what is -28665 - 511?
-28b76
In base 8, what is 1 + -36466201?
-36466200
In base 3, what is 21 - -2022020210212?
2022020211010
In base 2, what is 110111110011000011 - -1001000?
110111110100001011
In base 10, what is -1377 - 95?
-1472
In base 9, what is -50858074 + 0?
-50858074
In base 6, what is -1243035 - -454?
-1242141
In base 8, what is 15772 - 10540?
5232
In base 12, what is 3 + -25825b8?
-25825b5
In base 8, what is 55 + 151170?
151245
In base 8, what is 222140714 - 5?
222140707
In base 15, what is 1565a8e7 - 0?
1565a8e7
In base 7, what is 362 - -6000555?
6001250
In base 15, what is -8 + -149a6?
-149ae
In base 13, what is -6c12b4 - 2?
-6c12b6
In base 9, what is -5 - -63257780?
63257774
In base 11, what is -8881 + -16630?
-24401
In base 14, what is 2673d5 + -a7?
26732c
In base 11, what is -5 - 256974a1?
-256974a6
In base 12, what is 56b40842 + -2?
56b40840
In base 9, what is -2046272 + 34?
-2046237
In base 2, what is 10000101000001011010 - -1111001001?
10000101010000100011
In base 15, what is 17736e - -6?
177375
In base 4, what is 211232120300 + 11?
211232120311
In base 12, what is 8 - 3705181?
-3705175
In base 3, what is 12211 - -1000220102?
1001010020
In base 13, what is -35ab0 - -b3?
-359ca
In base 14, what is -174 - 9d7?
-b6b
In base 9, what is 3481866402 - -5?
3481866407
In base 7, what is 2541 - 4116313?
-4113442
In base 6, what is 201 + 20405040?
20405241
In base 13, what is -6b9 - 60b?
-cc7
In base 15, what is 3759d - c13?
3688a
In base 15, what is -535c0a - -1b2?
-535a48
In base 12, what is -1696a452 + 4?
-1696a44a
In base 14, what is 92 + 29da3?
2a055
In base 13, what is 3 + -7a693?
-7a690
In base 7, what is 1206 - -1130150?
1131356
In base 13, what is 15043 + -254?
14abc
In base 13, what is -3538c - 2?
-35391
In base 7, what is 2352355 - 20351?
2332004
In base 10, what is -3356594 + 0?
-3356594
In base 11, what is 222035358 - -2?
22203535a
In base 10, what is 5 - -5507425?
5507430
In base 9, what is -671 - -710026?
708245
In base 14, what is -1134 - -4111?
2dbb
In base 12, what is 65b43 - 12a?
65a15
In base 5, what is -43 + 12442134?
12442041
In base 14, what is 1a581 + -140?
1a441
In base 14, what is 72 + -105c?
-dca
In base 7, what is 16320 - 1100355?
-1051035
In base 8, what is -446225 - 1161?
-447406
In base 10, what is -743989 + -2?
-743991
In base 5, what is -32134122332 + -2?
-32134122334
In base 13, what is -1b31276 - -3?
-1b31273
In base 4, what is -2031 + 2201020?
2132323
In base 15, what is 3109 - 224?
2dd5
In base 5, what is -220103010021 - 2?
-220103010023
In base 7, what is 33 + -513626?
-513563
In base 8, what is -6623214043 + 1?
-6623214042
In base 3, what is -102002 + -2022200010222?
-2022200120001
In base 16, what is -117cca + a?
-117cc0
In base 6, what is 322 + -43302443?
-43302121
In base 9, what is 128 + 267147?
267276
In base 15, what is 4 - 7d80e6?
-7d80e2
In base 11, what is -25959 - -8727?
-18232
In base 16, what is -2d85 - -1e2b?
-f5a
In base 5, what is -3302413441 + 14?
-3302413422
In base 4, what is 203011321223 - -1?
203011321230
In base 4, what is 112331 + 303333333?
310112330
In base 14, what is 359 + -11b635?
-11b2ba
In base 5, what is 11223101121 + -12?
11223101104
In base 9, what is -13451307 - -27?
-13451270
In base 15, what is -44ab - -2da?
-41c1
In base 16, what is -1839 + b96?
-ca3
In base 5, what is 2423121033 + -1?
2423121032
In base 12, what is -962 + 2979?
2017
In base 5, what is -142442 + -333010?
-1031002
In base 2, what is 1110101100 - 1100100010100?
-1010101101000
In base 16, what is 28f7c9c - -3?
28f7c9f
In base 10, what is 2 - 55531167?
-55531165
In base 2, what is -111011010010001101001001110 + 0?
-111011010010001101001001110
In base 3, what is 2011002211212 + -2200?
2011002202012
In base 11, what is -6867 + 88a?
-5a88
In base 7, what is -1060 + -206364?
-210454
In base 12, what is -43aa - 13304?
-176b2
In base 16, what is 2d3a - 7724?
-49ea
In base 4, what is 111321321131230 - 0?
111321321131230
In base 4, what is 12100211 - -1312331?
20013202
In base 12, what is 1006816 + -9?
1006809
In base 13, what is b315 + -6813?
4802
In base 3, what is 1120220020 - 11122?
1120201121
In base 16, what is -1cf5 - -51f5?
3500
In base 12, what is 4 + -50a429aa?
-50a429a6
In base 11, what is 3730357 - -5?
3730361
In base 13, what is 306070 + -46?
306027
In base 11, what is -434622 - 11?
-434633
In base 10, what is 6 + 74159955?
74159961
In base 9, what is -1424136 - -107?
-1424028
In base 13, what is 2ac9b04a - 0?
2ac9b04a
In base 11, what is -6999 + -11190?
-18079
In base 12, what is -54b - -8498?
7b49
In base 8, what is -11616201 - -4?
-11616175
In base 2, what is -101 + -1111011101010100111100011001?
-1111011101010100111100011110
In base 12, what is -a104 + -1a63?
-bb67
In base 3, what is 200112001001022 + 2102?
200112001010201
In base 3, what is -220011121 + -1222200?
-222011021
In base 16, what is -5b3f0b - 3c?
-5b3f47
In base 5, what is -114 - 143230313?
-143230432
In base 8, what is -27200 - -157?
-27021
In base 12, what is -ab93a1 + 3a?
-ab9363
In base 2, what is 11 - -10110001001111111000001?
10110001001111111000100
In base 7, what is 2 + -1634265460?
-1634265455
In base 16, what is 1c57db + 6?
1c57e1
In base 3, what is -11001220111001002 - 11?
-11001220111001020
In base 2, what is -10000001001100110000 + -100001?
-10000001001101010001
In base 10, what is -69079 - 87?
-69166
In base 8, what is -4216 - -7006?
2570
In base 12, what is -57 - 2b0136?
-2b0191
In base 7, what is -3526 + 544522?
540663
In base 7, what is -262052410 + -2?
-262052412
In base 11, what is -11 - -86a738?
86a727
In base 14, what is -6 + -ca073a?
-ca0742
In base 16, what is 1fab67c4 - -4?
1fab67c8
In base 5, what is 2130023343 + -1?
2130023342
In base 3, what is 201012120012 + 10111?
201012200200
In base 7, what is -10012 - -24242?
14230
In base 4, what is -13310 + 1110212312?
1110133002
In base 3, what is -12 - 2102112110100021?
-2102112110100110
In base 10, what is -219058662 + -4?
-219058666
In base 6, what is 2032420 + 24?
2032444
In base 2, what is -1010000111111100110011000 - -10?
-1010000111111100110010110
In base 3, what is 12 + 1010222222120011?
1010222222120100
In base 3, what is 120 - -111001121012220?
111001121020110
In base 11, what is -3 + 36504aa8?
36504aa5
In base 15, what is 7d4d - 16c?
7bd1
In base 6, what is -14244314 + -12554?
-14301312
In base 5, what is 2111 + -101413023?
-101410412
In base 7, what is -12 + 105032561?
105032546
In base 3, what is -10112101 - -11002120110?
10222001002
In base 6, what is -153205 - -123204?
-30001
In base 10, what is -749529 + -7?
-749536
In base 12, what is 3b9854b + -8?
3b98543
In base 3, what is -1120222002002 - -101?
-1120222001201
In base 13, what is 3 - -3321ab69?
3321ab6c
In base 4, what is 2101 - -1302122322?
1302131023
In base 4, what is 2012223 + 1130?
2020013
In base 9, what is 133 + 73710?
73843
In base 13, what is -1573b + 3b0?
-1535b
In base 2, what is 100111001110001 - 1001100011111?
11101101010010
In base 3, what is -1211101212102120211 + -11?
-1211101212102120222
In base 12, what is -6748b8 - 9?
-674905
In base 13, what is -223 + -1c243?
-1c466
In base 4, what is -13 - -10133130113?
10133130100
In base 2, what is 100111111 - 10100001110100010111?
-10100001101111011000
In base 4, what is -11 + -33131102213310?
-33131102213321
In base 4, what is -101022211223 - -30?
-101022211133
In base 7, what is -1032 - -20441216?
20440154
In base 4, what is 1031031230301 + -10?
1031031230231
In base 7,